2 = 2*z. Calculate the greatest common factor of 44 and i.
44
Let v(n) = 2*n + 80. Let d be v(0). Suppose 2*b = -0*b + d. Let s = -26 + b. What is the highest common factor of s and 42?
14
Let c = -29 - -46. Suppose 112 = -9*v + c*v. What is the greatest common divisor of 84 and v?
14
Let b(k) = 2*k**2 - 2*k + 57. Let y be b(0). What is the highest common factor of y and 3?
3
Let j be 8/32*3 + (-34)/(-8). Let r = 9 + 4. Suppose -127 - r = -4*g. What is the highest common factor of j and g?
5
Suppose 0 = 5*z + i + 185, 5*i + 5 = -2*z - 92. Let n = z + 52. Calculate the greatest common divisor of 2 and n.
2
Suppose -17*i = -65*i + 96. What is the highest common divisor of i and 114?
2
Suppose -5*k = -4*n + 58, -2*n - k + 38 = 2. Calculate the highest common divisor of n and 119.
17
Let j(i) be the first derivative of i**4/4 + i**3/3 - i**2/2 + 66*i + 3. Suppose -p = -0*p. Let x be j(p). What is the highest common divisor of x and 22?
22
Suppose 126*a = 117*a + 1332. What is the highest common factor of a and 370?
74
Suppose -5*g + 54 = -66. Let b = -30 + 36. Calculate the greatest common divisor of g and b.
6
Let m = 298 + -198. What is the greatest common factor of 5 and m?
5
Suppose 2*h = -10 - 6. Let i(k) = k + 11. Let y be i(h). Suppose 0 = 3*c - x - 7, -y*x - 4 - 1 = -5*c. What is the highest common factor of 36 and c?
4
Let f be -4*(-195)/(-39)*10/(-2). What is the highest common divisor of 500 and f?
100
Let m(l) = -l**2 - 25*l + 2. Let s be m(-23). Calculate the highest common factor of 36 and s.
12
Let p be (-1586)/(-6) + 19/(-57). What is the highest common factor of p and 33?
33
Let i(o) = 5*o**3 - 19*o**2 + 84*o - 45. Let u be i(6). Calculate the highest common factor of 10 and u.
5
Let f be ((-96)/(-7))/(-7*(-4)/1666). What is the highest common factor of 51 and f?
51
Suppose 5*v = 4*v + 2*y - 18, 4*v + 2*y = -42. Let s = -10 + 6. Let h be v/(s - 28/(-8)). Calculate the highest common factor of 16 and h.
8
Let b(o) = o**3 - 3*o**2 - o - 2. Let z be b(4). Suppose z*k = 8*k + 46. What is the highest common factor of 23 and k?
23
Let b(n) = 1 - 7 - 11*n**2 - 18*n - 2*n**3 + n**2 + n**3. Let q be b(-8). What is the highest common divisor of q and 10?
10
Suppose -3*h = -5*l - 31, -3*h + 5*l = 2*l - 27. Suppose x = h*x - 60. What is the highest common factor of 80 and x?
10
Let x(w) = 3*w + 61. Let b be x(-17). Let a = -2 + -2. Let g be a/6 - 184/(-6). What is the greatest common divisor of g and b?
10
Let f = -1488 - -1495. Let a = -5 + 47. Calculate the greatest common factor of a and f.
7
Let v(h) = -h**3 + 5*h**2 + h + 7. Let p be v(5). Let k be (3 - 0)/9*30. Let y = p - k. What is the highest common divisor of y and 16?
2
Let l be (4/(-7) - 800/(-224))*37. What is the greatest common divisor of 259 and l?
37
Suppose -3 + 15 = 3*n, 5*w - 33 = 3*n. Suppose 4*h - w*h = 5. Let o be (11/(-4))/(h/4). Calculate the greatest common divisor of 77 and o.
11
Let t(b) = b**2 + 6*b + 3. Let z be t(-7). Let p(o) = o**2 + 10. Let v be p(z). Let r be (-1 - 3) + 1 - -14. What is the greatest common divisor of r and v?
11
Let j = -456 + 714. Suppose 42 + 44 = w - 2*x, 3*w - j = -x. Calculate the greatest common factor of w and 129.
43
Suppose 3*m - w - 66 = -2*w, 4*w = 12. Suppose 2*r - i = -4*i + m, -4*r + 72 = -4*i. Calculate the greatest common divisor of r and 6.
3
Suppose b - 8*t + 5*t = 12, -2*b = -4*t - 22. Let d(n) = -9*n - 3. Let l be d(-2). Calculate the greatest common divisor of l and b.
3
Suppose 11*n = 93 - 5. Calculate the greatest common factor of n and 216.
8
Let h = -3913 + 3946. Suppose -b - 6 = -270. Calculate the highest common factor of h and b.
33
Let y(d) = d**2 - 2*d + 5. Let j = 19 + -15. Let f be y(j). Suppose l + 5*w - 55 = 0, 5*l = 6*l - 4*w - 73. What is the highest common factor of f and l?
13
Let j(r) = 2*r**2 + 19*r + 7. Let p be j(-11). Suppose p + 4 = 2*n. Calculate the highest common divisor of n and 33.
11
Let i(l) = 11*l + 2. Let f be i(5). Let g = -37 + f. Let u be 226 + -1 + (14 - 19). Calculate the greatest common divisor of u and g.
20
Suppose -27 + 75 = -8*q. Let s be (12/10)/(q/(15*-32)). Calculate the greatest common divisor of s and 64.
32
Let k(l) = 15*l**2 + l - 1. Let g be k(2). Suppose 254 + g = 3*d. What is the highest common divisor of d and 15?
15
Suppose -6*m = -28 - 2. Suppose 4*k - 131 = -m*l, 0 = -5*k - 5*l + l + 175. Calculate the highest common divisor of k and 195.
39
Let r = 211 + -178. Calculate the greatest common factor of r and 132.
33
Suppose -8 - 36 = -r. Suppose 0 = 2*z + r - 4. Let q be ((-12)/8)/(2/z). What is the greatest common divisor of 15 and q?
15
Let g be (-11)/((-2)/6*1). Let j = 1081 + -850. What is the highest common divisor of g and j?
33
Suppose 5*q + 130 = -2*c + c, -3*c - 390 = 2*q. Let k = c + 185. Suppose -4*j = -k - 9. What is the highest common factor of 2 and j?
2
Let b = -16 - -6. Let l be b/35 - (-93)/7. Let q = 306 + -280. What is the greatest common factor of l and q?
13
Let l(w) = 22*w - 541. Let d be l(25). Let x = 2 - -124. Let y = x + -27. What is the highest common divisor of y and d?
9
Let o(j) = 9*j + 3. Let c be o(-2). Let u = c + 28. Calculate the greatest common factor of u and 39.
13
Suppose 0 = 14*g - 18*g + 192. Calculate the greatest common factor of 108 and g.
12
Let o(j) = -j**2 - 7*j - 3. Let x be o(-6). Suppose -x - 85 = -4*m. Let k be 1*55*(-16)/(-10). What is the greatest common divisor of m and k?
22
Let d(w) = -4*w - 40. Let p be d(-14). Calculate the highest common factor of p and 216.
8
Let v(r) = -5*r**3 + r**2. Let i be v(-1). Suppose i + 7 = n. Let y = 191 + -113. What is the highest common factor of y and n?
13
Let i be (-4)/18 + 25114/261. Calculate the highest common divisor of 408 and i.
24
Suppose 3*f = f + 4. Suppose 7 = 3*m + 4*r, 0*r + 3*r = m + f. Suppose -12*b + 12 = -0*b. Calculate the greatest common divisor of m and b.
1
Let v be (29 + 2 - 2)*1. Let q = v + -11. Suppose -51*a + 43 = -416. What is the highest common divisor of q and a?
9
Let q be 11/(-2) + 3/(-6). Let y be ((-190)/(-6))/5*q. Let l = -20 - y. What is the greatest common divisor of 90 and l?
18
Suppose -2*f + 4*f - 174 = -3*j, 88 = f + j. Suppose 0 = 2*h - 59 - 217. Let z = h + -129. Calculate the greatest common divisor of f and z.
9
Suppose 5*r - 2*w + 15 = 6*r, -5*r + 50 = 5*w. Suppose r*l = 323 - 103. Let z = 9 - 5. Calculate the highest common divisor of z and l.
4
Suppose 0 = 2*n - 8*m + 12*m - 716, 4*m = 4*n - 1468. What is the highest common divisor of 140 and n?
28
Suppose 4*s = 4*r + 76, -41 + 14 = -s - r. Calculate the highest common divisor of s and 644.
23
Let m(q) = -7*q - 1 - 12*q + 2. Suppose 3*v = -15, 0*i + v = 3*i - 2. Let y be m(i). What is the highest common factor of y and 180?
20
Let o = 104 + -95. Let x(f) be the first derivative of f**3 + 3*f**2/2 + 3*f - 1. Let y be x(-5). What is the greatest common factor of o and y?
9
Let k be -1*72/22*(-11)/2. Let l be 3 - 1 - 0/(-3). Calculate the highest common factor of l and k.
2
Suppose -3*t + 2*t - 3 = 0. Let u be 2/(4*t/(-192)). Suppose -4*m + 0 + u = 0. Calculate the greatest common divisor of m and 24.
8
Suppose -3*d - 3*y = -59 - 235, d - 104 = -4*y. What is the greatest common divisor of d and 6?
6
Suppose -20*c + 3668 = -1272. What is the greatest common divisor of 57 and c?
19
Suppose -3*n - 5*x - 351 = 0, -3*x + 9 = -0. Let r = -23 - n. What is the highest common factor of r and 33?
33
Let q(n) = 166*n - 133. Let r be q(5). What is the highest common divisor of r and 41?
41
Let q(c) = 2*c - 2*c - 3*c + 4 + 3*c**2. Let h be q(-3). What is the highest common divisor of 8 and h?
8
Let h(f) be the third derivative of -f**4/6 + 16*f**3/3 + 12*f**2. Let w be h(-22). What is the greatest common factor of w and 15?
15
Let d be (14 + -18)/(1/(-55)). Calculate the highest common factor of d and 1144.
44
Let x(m) = 61*m - 3. Suppose -7*z = -3*z - 8, 0 = -3*u - 5*z + 16. Let s be x(u). Calculate the greatest common factor of s and 17.
17
Suppose 0 = 3*j - 782 + 29. Let x = 90 + j. What is the highest common divisor of x and 31?
31
Let t = -19 - -10. Let w be (t/4)/(10/(-40)). Suppose 5*m = -5*u + 45, m - 2*u - 9 = -6*u. Calculate the greatest common divisor of m and w.
9
Let f be 3 - (-1